{"id":3,"date":"2020-07-15T10:21:16","date_gmt":"2020-07-15T10:21:16","guid":{"rendered":"http:\/\/projet2.lepoles.com\/?page_id=3"},"modified":"2021-09-14T07:56:18","modified_gmt":"2021-09-14T07:56:18","slug":"mentions-legales","status":"publish","type":"page","link":"https:\/\/fablab.lepoles.org\/index.php\/mentions-legales\/","title":{"rendered":"Mention l\u00e9gales"},"content":{"rendered":"<p>[et_pb_section fb_built=\u00a0\u00bb1&Prime; admin_label=\u00a0\u00bbsection\u00a0\u00bb _builder_version=\u00a0\u00bb3.22&Prime; global_colors_info=\u00a0\u00bb{}\u00a0\u00bb][et_pb_row admin_label=\u00a0\u00bbrow\u00a0\u00bb _builder_version=\u00a0\u00bb3.25&Prime; background_size=\u00a0\u00bbinitial\u00a0\u00bb background_position=\u00a0\u00bbtop_left\u00a0\u00bb background_repeat=\u00a0\u00bbrepeat\u00a0\u00bb global_colors_info=\u00a0\u00bb{}\u00a0\u00bb][et_pb_column type=\u00a0\u00bb4_4&Prime; _builder_version=\u00a0\u00bb3.25&Prime; custom_padding=\u00a0\u00bb|||\u00a0\u00bb global_colors_info=\u00a0\u00bb{}\u00a0\u00bb custom_padding__hover=\u00a0\u00bb|||\u00a0\u00bb][et_pb_text admin_label=\u00a0\u00bbText\u00a0\u00bb _builder_version=\u00a0\u00bb4.10.7&Prime; background_size=\u00a0\u00bbinitial\u00a0\u00bb background_position=\u00a0\u00bbtop_left\u00a0\u00bb background_repeat=\u00a0\u00bbrepeat\u00a0\u00bb hover_enabled=\u00a0\u00bb0&Prime; global_colors_info=\u00a0\u00bb{}\u00a0\u00bb sticky_enabled=\u00a0\u00bb0&Prime;]<\/p>\n<div class=\"entry-content\">\n<h3>Propri\u00e9taire du site Internet FabLab <a href=\"https:\/\/lepoles.org\/mentions-legales\/www.lepoles.org\">LePoles:<\/a><\/h3>\n<p>LePoleS<br \/>11 All\u00e9e Saint-Exup\u00e9ry, 92390 Villeneuve La Garenne<br \/>01 47 92 88 67, t\u00e9l\u00e9copie, contact@lepoles.org<\/p>\n<h3>\u00c9diteur du site Internet <a href=\"https:\/\/lepoles.org\/mentions-legales\/www.lepoles.org\">LePoleS:<\/a><\/h3>\n<p>LePoleS<br \/>11 All\u00e9e Saint-Exup\u00e9ry, 92390 Villeneuve La Garenne<br \/>01 47 92 88 67, t\u00e9l\u00e9copie, contact@lepoles.org<\/p>\n<h3>Signes distinctifs:<\/h3>\n<p>Le nom de domaine <span style=\"color: #a31d1c;\"><a style=\"color: #a31d1c;\" href=\"https:\/\/lepoles.org\/mentions-legales\/www.lepoles.org\">lepoles.org<\/a><\/span> appartient \u00e0 <strong>LePoleS<\/strong><\/p>\n<p><strong>LePoleS<\/strong> est titulaire de la marque <strong>LePoleS<\/strong>, d\u00e9pos\u00e9e au 92 INPI \u2013 D\u00e9p\u00f4t \u00e9lectronique\u00a0 le 05 mai 2015 sous le N\u00b0 15\/4178537 et enregistr\u00e9e dans les classes 41.<\/p>\n<h3>H\u00e9bergement du site <a href=\"https:\/\/lepoles.org\/mentions-legales\/www.lepoles.org\">www.lepoles.org<\/a><\/h3>\n<p>Le site <a href=\"https:\/\/lepoles.org\/mentions-legales\/www.lepoles.org\"><span style=\"color: #a31d1c;\">lepoles.org<\/span><\/a> est h\u00e9berg\u00e9 par Ionos, 7 \u00a0place de la Gare, 57200 Sarreguemines France.<\/p>\n<h3>Statut administratif et facturation:<\/h3>\n<p><strong>LePoleS<\/strong> exerce son activit\u00e9 sous le statut du portage salarial. Il est, \u00e0 ce titre, adh\u00e9rent de <strong>LePoleS<\/strong>, qui assure la gestion administrative de son activit\u00e9 et dont les coordonn\u00e9es suivent:<\/p>\n<p>LePoleS, Association Loi\u00a0 1901: 43249772500031, adresse de facturation : 11 All\u00e9e Saint-Exup\u00e9ry, 92390 Villeneuve La Garenne.<br \/>Email : contact@lepoles.org T\u00e9l\u00e9phone : 01 47 92 88 67. Les factures seront en cons\u00e9quence \u00e9tablies au nom de <strong>LePoleS<\/strong>. Pour plus d\u2019informations cliquez sur <strong><a href=\"https:\/\/lepoles.org\/\"><span style=\"color: #a31d1c;\">LePoleS<\/span><\/a><\/strong>.<\/p>\n<h4>Important:<\/h4>\n<p>Les droits de propri\u00e9t\u00e9 intellectuelle aff\u00e9rent au site <a href=\"https:\/\/lepoles.org\/mentions-legales\/www.lepoles.org\"><span style=\"color: #a31d1c;\">lepoles.org<\/span><\/a> appartiennent \u00e0 <strong>LePoleS<\/strong>.<br \/>Toute utilisation, reproduction, diffusion, commercialisation, modification de toute ou partie du site,<br \/>sans l\u2019autorisation de <strong>LePoleS<\/strong> est prohib\u00e9e et pourra entra\u00een\u00e9e des actions<br \/>et poursuites judiciaires telles que notamment pr\u00e9vues par le code de la propri\u00e9t\u00e9 intellectuelle<br \/>et\/ou le code civil.<\/p>\n<\/div>\n<p>[\/et_pb_text][\/et_pb_column][\/et_pb_row][\/et_pb_section]<\/p>\n","protected":false},"excerpt":{"rendered":"<p>Propri\u00e9taire du site Internet FabLab LePoles: LePoleS11 All\u00e9e Saint-Exup\u00e9ry, 92390 Villeneuve La Garenne01 47 92 88 67, t\u00e9l\u00e9copie, contact@lepoles.org \u00c9diteur du site Internet LePoleS: LePoleS11 All\u00e9e Saint-Exup\u00e9ry, 92390 Villeneuve La Garenne01 47 92 88 67, t\u00e9l\u00e9copie, contact@lepoles.org Signes distinctifs: Le nom de domaine lepoles.org appartient \u00e0 LePoleS LePoleS est titulaire de la marque LePoleS, d\u00e9pos\u00e9e [&hellip;]<\/p>\n","protected":false},"author":12,"featured_media":1314,"parent":0,"menu_order":0,"comment_status":"closed","ping_status":"open","template":"","meta":{"_et_pb_use_builder":"on","_et_pb_old_content":"<!-- wp:heading --><h2>Who we are<\/h2><!-- \/wp:heading --><!-- wp:paragraph --><p>Our website address is: http:\/\/projet2.lepoles.org.<\/p><!-- \/wp:paragraph --><!-- wp:heading --><h2>What personal data we collect and why we collect it<\/h2><!-- \/wp:heading --><!-- wp:heading {\"level\":3} --><h3>Comments<\/h3><!-- \/wp:heading --><!-- wp:paragraph --><p>When visitors leave comments on the site we collect the data shown in the comments form, and also the visitor&#8217;s IP address and browser user agent string to help spam detection.<\/p><!-- \/wp:paragraph --><!-- wp:paragraph --><p>An anonymized string created from your email address (also called a hash) may be provided to the Gravatar service to see if you are using it. The Gravatar service privacy policy is available here: https:\/\/automattic.com\/privacy\/. After approval of your comment, your profile picture is visible to the public in the context of your comment.<\/p><!-- \/wp:paragraph --><!-- wp:heading {\"level\":3} --><h3>Media<\/h3><!-- \/wp:heading --><!-- wp:paragraph --><p>If you upload images to the website, you should avoid uploading images with embedded location data (EXIF GPS) included. Visitors to the website can download and extract any location data from images on the website.<\/p><!-- \/wp:paragraph --><!-- wp:heading {\"level\":3} --><h3>Contact forms<\/h3><!-- \/wp:heading --><!-- wp:heading {\"level\":3} --><h3>Cookies<\/h3><!-- \/wp:heading --><!-- wp:paragraph --><p>If you leave a comment on our site you may opt-in to saving your name, email address and website in cookies. These are for your convenience so that you do not have to fill in your details again when you leave another comment. These cookies will last for one year.<\/p><!-- \/wp:paragraph --><!-- wp:paragraph --><p>If you visit our login page, we will set a temporary cookie to determine if your browser accepts cookies. This cookie contains no personal data and is discarded when you close your browser.<\/p><!-- \/wp:paragraph --><!-- wp:paragraph --><p>When you log in, we will also set up several cookies to save your login information and your screen display choices. Login cookies last for two days, and screen options cookies last for a year. If you select &quot;Remember Me&quot;, your login will persist for two weeks. If you log out of your account, the login cookies will be removed.<\/p><!-- \/wp:paragraph --><!-- wp:paragraph --><p>If you edit or publish an article, an additional cookie will be saved in your browser. This cookie includes no personal data and simply indicates the post ID of the article you just edited. It expires after 1 day.<\/p><!-- \/wp:paragraph --><!-- wp:heading {\"level\":3} --><h3>Embedded content from other websites<\/h3><!-- \/wp:heading --><!-- wp:paragraph --><p>Articles on this site may include embedded content (e.g. videos, images, articles, etc.). Embedded content from other websites behaves in the exact same way as if the visitor has visited the other website.<\/p><!-- \/wp:paragraph --><!-- wp:paragraph --><p>These websites may collect data about you, use cookies, embed additional third-party tracking, and monitor your interaction with that embedded content, including tracking your interaction with the embedded content if you have an account and are logged in to that website.<\/p><!-- \/wp:paragraph --><!-- wp:heading {\"level\":3} --><h3>Analytics<\/h3><!-- \/wp:heading --><!-- wp:heading --><h2>Who we share your data with<\/h2><!-- \/wp:heading --><!-- wp:heading --><h2>How long we retain your data<\/h2><!-- \/wp:heading --><!-- wp:paragraph --><p>If you leave a comment, the comment and its metadata are retained indefinitely. This is so we can recognize and approve any follow-up comments automatically instead of holding them in a moderation queue.<\/p><!-- \/wp:paragraph --><!-- wp:paragraph --><p>For users that register on our website (if any), we also store the personal information they provide in their user profile. All users can see, edit, or delete their personal information at any time (except they cannot change their username). Website administrators can also see and edit that information.<\/p><!-- \/wp:paragraph --><!-- wp:heading --><h2>What rights you have over your data<\/h2><!-- \/wp:heading --><!-- wp:paragraph --><p>If you have an account on this site, or have left comments, you can request to receive an exported file of the personal data we hold about you, including any data you have provided to us. You can also request that we erase any personal data we hold about you. This does not include any data we are obliged to keep for administrative, legal, or security purposes.<\/p><!-- \/wp:paragraph --><!-- wp:heading --><h2>Where we send your data<\/h2><!-- \/wp:heading --><!-- wp:paragraph --><p>Visitor comments may be checked through an automated spam detection service.<\/p><!-- \/wp:paragraph --><!-- wp:heading --><h2>Your contact information<\/h2><!-- \/wp:heading --><!-- wp:heading --><h2>Additional information<\/h2><!-- \/wp:heading --><!-- wp:heading {\"level\":3} --><h3>How we protect your data<\/h3><!-- \/wp:heading --><!-- wp:heading {\"level\":3} --><h3>What data breach procedures we have in place<\/h3><!-- \/wp:heading --><!-- wp:heading {\"level\":3} --><h3>What third parties we receive data from<\/h3><!-- \/wp:heading --><!-- wp:heading {\"level\":3} --><h3>What automated decision making and\/or profiling we do with user data<\/h3><!-- \/wp:heading --><!-- wp:heading {\"level\":3} --><h3>Industry regulatory disclosure requirements<\/h3><!-- \/wp:heading -->","_et_gb_content_width":"","footnotes":""},"class_list":["post-3","page","type-page","status-publish","has-post-thumbnail","hentry"],"yoast_head":"<!-- This site is optimized with the Yoast SEO plugin v27.5 - https:\/\/yoast.com\/product\/yoast-seo-wordpress\/ -->\n<title>Mention l\u00e9gales - FabLab PoleS<\/title>\n<meta name=\"robots\" content=\"index, follow, max-snippet:-1, max-image-preview:large, max-video-preview:-1\" \/>\n<link rel=\"canonical\" href=\"https:\/\/fablab.lepoles.org\/index.php\/mentions-legales\/\" \/>\n<meta property=\"og:locale\" content=\"fr_FR\" \/>\n<meta property=\"og:type\" content=\"article\" \/>\n<meta property=\"og:title\" content=\"Mention l\u00e9gales - FabLab PoleS\" \/>\n<meta property=\"og:description\" content=\"Propri\u00e9taire du site Internet FabLab LePoles: LePoleS11 All\u00e9e Saint-Exup\u00e9ry, 92390 Villeneuve La Garenne01 47 92 88 67, t\u00e9l\u00e9copie, contact@lepoles.org \u00c9diteur du site Internet LePoleS: LePoleS11 All\u00e9e Saint-Exup\u00e9ry, 92390 Villeneuve La Garenne01 47 92 88 67, t\u00e9l\u00e9copie, contact@lepoles.org Signes distinctifs: Le nom de domaine lepoles.org appartient \u00e0 LePoleS LePoleS est titulaire de la marque LePoleS, d\u00e9pos\u00e9e [&hellip;]\" \/>\n<meta property=\"og:url\" content=\"https:\/\/fablab.lepoles.org\/index.php\/mentions-legales\/\" \/>\n<meta property=\"og:site_name\" content=\"FabLab PoleS\" \/>\n<meta property=\"article:publisher\" content=\"https:\/\/www.facebook.com\/lePoleSolidaire\" \/>\n<meta property=\"article:modified_time\" content=\"2021-09-14T07:56:18+00:00\" \/>\n<meta property=\"og:image\" content=\"https:\/\/fablab.lepoles.org\/wp-content\/uploads\/2020\/08\/logo-02.png\" \/>\n\t<meta property=\"og:image:width\" content=\"2082\" \/>\n\t<meta property=\"og:image:height\" content=\"802\" \/>\n\t<meta property=\"og:image:type\" content=\"image\/png\" \/>\n<meta name=\"twitter:card\" content=\"summary_large_image\" \/>\n<meta name=\"twitter:site\" content=\"@lepolesidf\" \/>\n<meta name=\"twitter:label1\" content=\"Dur\u00e9e de lecture estim\u00e9e\" \/>\n\t<meta name=\"twitter:data1\" content=\"3 minutes\" \/>\n<script type=\"application\/ld+json\" class=\"yoast-schema-graph\">{\"@context\":\"https:\\\/\\\/schema.org\",\"@graph\":[{\"@type\":\"WebPage\",\"@id\":\"https:\\\/\\\/fablab.lepoles.org\\\/index.php\\\/mentions-legales\\\/\",\"url\":\"https:\\\/\\\/fablab.lepoles.org\\\/index.php\\\/mentions-legales\\\/\",\"name\":\"Mention l\u00e9gales - FabLab PoleS\",\"isPartOf\":{\"@id\":\"https:\\\/\\\/fablab.lepoles.org\\\/#website\"},\"primaryImageOfPage\":{\"@id\":\"https:\\\/\\\/fablab.lepoles.org\\\/index.php\\\/mentions-legales\\\/#primaryimage\"},\"image\":{\"@id\":\"https:\\\/\\\/fablab.lepoles.org\\\/index.php\\\/mentions-legales\\\/#primaryimage\"},\"thumbnailUrl\":\"https:\\\/\\\/fablab.lepoles.org\\\/wp-content\\\/uploads\\\/2020\\\/08\\\/logo-02.png\",\"datePublished\":\"2020-07-15T10:21:16+00:00\",\"dateModified\":\"2021-09-14T07:56:18+00:00\",\"breadcrumb\":{\"@id\":\"https:\\\/\\\/fablab.lepoles.org\\\/index.php\\\/mentions-legales\\\/#breadcrumb\"},\"inLanguage\":\"fr-FR\",\"potentialAction\":[{\"@type\":\"ReadAction\",\"target\":[\"https:\\\/\\\/fablab.lepoles.org\\\/index.php\\\/mentions-legales\\\/\"]}]},{\"@type\":\"ImageObject\",\"inLanguage\":\"fr-FR\",\"@id\":\"https:\\\/\\\/fablab.lepoles.org\\\/index.php\\\/mentions-legales\\\/#primaryimage\",\"url\":\"https:\\\/\\\/fablab.lepoles.org\\\/wp-content\\\/uploads\\\/2020\\\/08\\\/logo-02.png\",\"contentUrl\":\"https:\\\/\\\/fablab.lepoles.org\\\/wp-content\\\/uploads\\\/2020\\\/08\\\/logo-02.png\",\"width\":2082,\"height\":802},{\"@type\":\"BreadcrumbList\",\"@id\":\"https:\\\/\\\/fablab.lepoles.org\\\/index.php\\\/mentions-legales\\\/#breadcrumb\",\"itemListElement\":[{\"@type\":\"ListItem\",\"position\":1,\"name\":\"Accueil\",\"item\":\"https:\\\/\\\/fablab.lepoles.org\\\/\"},{\"@type\":\"ListItem\",\"position\":2,\"name\":\"Mention l\u00e9gales\"}]},{\"@type\":\"WebSite\",\"@id\":\"https:\\\/\\\/fablab.lepoles.org\\\/#website\",\"url\":\"https:\\\/\\\/fablab.lepoles.org\\\/\",\"name\":\"FabLab PoleS\",\"description\":\"Les fablabs du PoleS\",\"publisher\":{\"@id\":\"https:\\\/\\\/fablab.lepoles.org\\\/#organization\"},\"potentialAction\":[{\"@type\":\"SearchAction\",\"target\":{\"@type\":\"EntryPoint\",\"urlTemplate\":\"https:\\\/\\\/fablab.lepoles.org\\\/?s={search_term_string}\"},\"query-input\":{\"@type\":\"PropertyValueSpecification\",\"valueRequired\":true,\"valueName\":\"search_term_string\"}}],\"inLanguage\":\"fr-FR\"},{\"@type\":\"Organization\",\"@id\":\"https:\\\/\\\/fablab.lepoles.org\\\/#organization\",\"name\":\"FabLab PoleS\",\"url\":\"https:\\\/\\\/fablab.lepoles.org\\\/\",\"logo\":{\"@type\":\"ImageObject\",\"inLanguage\":\"fr-FR\",\"@id\":\"https:\\\/\\\/fablab.lepoles.org\\\/#\\\/schema\\\/logo\\\/image\\\/\",\"url\":\"http:\\\/\\\/projet2.lepoles.org\\\/wp-content\\\/uploads\\\/2020\\\/08\\\/logo-02.png\",\"contentUrl\":\"http:\\\/\\\/projet2.lepoles.org\\\/wp-content\\\/uploads\\\/2020\\\/08\\\/logo-02.png\",\"width\":2082,\"height\":802,\"caption\":\"FabLab PoleS\"},\"image\":{\"@id\":\"https:\\\/\\\/fablab.lepoles.org\\\/#\\\/schema\\\/logo\\\/image\\\/\"},\"sameAs\":[\"https:\\\/\\\/www.facebook.com\\\/lePoleSolidaire\",\"https:\\\/\\\/x.com\\\/lepolesidf\",\"https:\\\/\\\/www.instagram.com\\\/fablab_poles\\\/\",\"https:\\\/\\\/www.linkedin.com\\\/company\\\/lepoles\\\/mycompany\\\/\"]}]}<\/script>\n<!-- \/ Yoast SEO plugin. -->","yoast_head_json":{"title":"Mention l\u00e9gales - FabLab PoleS","robots":{"index":"index","follow":"follow","max-snippet":"max-snippet:-1","max-image-preview":"max-image-preview:large","max-video-preview":"max-video-preview:-1"},"canonical":"https:\/\/fablab.lepoles.org\/index.php\/mentions-legales\/","og_locale":"fr_FR","og_type":"article","og_title":"Mention l\u00e9gales - FabLab PoleS","og_description":"Propri\u00e9taire du site Internet FabLab LePoles: LePoleS11 All\u00e9e Saint-Exup\u00e9ry, 92390 Villeneuve La Garenne01 47 92 88 67, t\u00e9l\u00e9copie, contact@lepoles.org \u00c9diteur du site Internet LePoleS: LePoleS11 All\u00e9e Saint-Exup\u00e9ry, 92390 Villeneuve La Garenne01 47 92 88 67, t\u00e9l\u00e9copie, contact@lepoles.org Signes distinctifs: Le nom de domaine lepoles.org appartient \u00e0 LePoleS LePoleS est titulaire de la marque LePoleS, d\u00e9pos\u00e9e [&hellip;]","og_url":"https:\/\/fablab.lepoles.org\/index.php\/mentions-legales\/","og_site_name":"FabLab PoleS","article_publisher":"https:\/\/www.facebook.com\/lePoleSolidaire","article_modified_time":"2021-09-14T07:56:18+00:00","og_image":[{"width":2082,"height":802,"url":"https:\/\/fablab.lepoles.org\/wp-content\/uploads\/2020\/08\/logo-02.png","type":"image\/png"}],"twitter_card":"summary_large_image","twitter_site":"@lepolesidf","twitter_misc":{"Dur\u00e9e de lecture estim\u00e9e":"3 minutes"},"schema":{"@context":"https:\/\/schema.org","@graph":[{"@type":"WebPage","@id":"https:\/\/fablab.lepoles.org\/index.php\/mentions-legales\/","url":"https:\/\/fablab.lepoles.org\/index.php\/mentions-legales\/","name":"Mention l\u00e9gales - FabLab PoleS","isPartOf":{"@id":"https:\/\/fablab.lepoles.org\/#website"},"primaryImageOfPage":{"@id":"https:\/\/fablab.lepoles.org\/index.php\/mentions-legales\/#primaryimage"},"image":{"@id":"https:\/\/fablab.lepoles.org\/index.php\/mentions-legales\/#primaryimage"},"thumbnailUrl":"https:\/\/fablab.lepoles.org\/wp-content\/uploads\/2020\/08\/logo-02.png","datePublished":"2020-07-15T10:21:16+00:00","dateModified":"2021-09-14T07:56:18+00:00","breadcrumb":{"@id":"https:\/\/fablab.lepoles.org\/index.php\/mentions-legales\/#breadcrumb"},"inLanguage":"fr-FR","potentialAction":[{"@type":"ReadAction","target":["https:\/\/fablab.lepoles.org\/index.php\/mentions-legales\/"]}]},{"@type":"ImageObject","inLanguage":"fr-FR","@id":"https:\/\/fablab.lepoles.org\/index.php\/mentions-legales\/#primaryimage","url":"https:\/\/fablab.lepoles.org\/wp-content\/uploads\/2020\/08\/logo-02.png","contentUrl":"https:\/\/fablab.lepoles.org\/wp-content\/uploads\/2020\/08\/logo-02.png","width":2082,"height":802},{"@type":"BreadcrumbList","@id":"https:\/\/fablab.lepoles.org\/index.php\/mentions-legales\/#breadcrumb","itemListElement":[{"@type":"ListItem","position":1,"name":"Accueil","item":"https:\/\/fablab.lepoles.org\/"},{"@type":"ListItem","position":2,"name":"Mention l\u00e9gales"}]},{"@type":"WebSite","@id":"https:\/\/fablab.lepoles.org\/#website","url":"https:\/\/fablab.lepoles.org\/","name":"FabLab PoleS","description":"Les fablabs du PoleS","publisher":{"@id":"https:\/\/fablab.lepoles.org\/#organization"},"potentialAction":[{"@type":"SearchAction","target":{"@type":"EntryPoint","urlTemplate":"https:\/\/fablab.lepoles.org\/?s={search_term_string}"},"query-input":{"@type":"PropertyValueSpecification","valueRequired":true,"valueName":"search_term_string"}}],"inLanguage":"fr-FR"},{"@type":"Organization","@id":"https:\/\/fablab.lepoles.org\/#organization","name":"FabLab PoleS","url":"https:\/\/fablab.lepoles.org\/","logo":{"@type":"ImageObject","inLanguage":"fr-FR","@id":"https:\/\/fablab.lepoles.org\/#\/schema\/logo\/image\/","url":"http:\/\/projet2.lepoles.org\/wp-content\/uploads\/2020\/08\/logo-02.png","contentUrl":"http:\/\/projet2.lepoles.org\/wp-content\/uploads\/2020\/08\/logo-02.png","width":2082,"height":802,"caption":"FabLab PoleS"},"image":{"@id":"https:\/\/fablab.lepoles.org\/#\/schema\/logo\/image\/"},"sameAs":["https:\/\/www.facebook.com\/lePoleSolidaire","https:\/\/x.com\/lepolesidf","https:\/\/www.instagram.com\/fablab_poles\/","https:\/\/www.linkedin.com\/company\/lepoles\/mycompany\/"]}]}},"_links":{"self":[{"href":"https:\/\/fablab.lepoles.org\/index.php\/wp-json\/wp\/v2\/pages\/3","targetHints":{"allow":["GET"]}}],"collection":[{"href":"https:\/\/fablab.lepoles.org\/index.php\/wp-json\/wp\/v2\/pages"}],"about":[{"href":"https:\/\/fablab.lepoles.org\/index.php\/wp-json\/wp\/v2\/types\/page"}],"author":[{"embeddable":true,"href":"https:\/\/fablab.lepoles.org\/index.php\/wp-json\/wp\/v2\/users\/12"}],"replies":[{"embeddable":true,"href":"https:\/\/fablab.lepoles.org\/index.php\/wp-json\/wp\/v2\/comments?post=3"}],"version-history":[{"count":2,"href":"https:\/\/fablab.lepoles.org\/index.php\/wp-json\/wp\/v2\/pages\/3\/revisions"}],"predecessor-version":[{"id":6553,"href":"https:\/\/fablab.lepoles.org\/index.php\/wp-json\/wp\/v2\/pages\/3\/revisions\/6553"}],"wp:featuredmedia":[{"embeddable":true,"href":"https:\/\/fablab.lepoles.org\/index.php\/wp-json\/wp\/v2\/media\/1314"}],"wp:attachment":[{"href":"https:\/\/fablab.lepoles.org\/index.php\/wp-json\/wp\/v2\/media?parent=3"}],"curies":[{"name":"wp","href":"https:\/\/api.w.org\/{rel}","templated":true}]}}